{"version":"1.0","provider_name":"Teori ve Eylem","provider_url":"https:\/\/teoriveeylem.net\/tr","author_name":"admin","author_url":"https:\/\/teoriveeylem.net\/tr\/author\/admin\/","title":"2023 se\u00e7imleri ve siyaset biliminin krizi - Teori ve Eylem","type":"rich","width":600,"height":338,"html":"<blockquote class=\"wp-embedded-content\" data-secret=\"XTf1glNU1Q\"><a href=\"https:\/\/teoriveeylem.net\/tr\/2023\/08\/14\/2023-secimleri-ve-siyaset-biliminin-krizi\/\">2023 se\u00e7imleri ve siyaset biliminin krizi<\/a><\/blockquote><iframe sandbox=\"allow-scripts\" security=\"restricted\" src=\"https:\/\/teoriveeylem.net\/tr\/2023\/08\/14\/2023-secimleri-ve-siyaset-biliminin-krizi\/embed\/#?secret=XTf1glNU1Q\" width=\"600\" height=\"338\" title=\"&#8220;2023 se\u00e7imleri ve siyaset biliminin krizi&#8221; &#8212; Teori ve Eylem\" data-secret=\"XTf1glNU1Q\" frameborder=\"0\" marginwidth=\"0\" marginheight=\"0\" scrolling=\"no\" class=\"wp-embedded-content\"><\/iframe><script type=\"text\/javascript\">\n\/* <![CDATA[ *\/\n\/*! This file is auto-generated *\/\n!function(d,l){\"use strict\";l.querySelector&&d.addEventListener&&\"undefined\"!=typeof URL&&(d.wp=d.wp||{},d.wp.receiveEmbedMessage||(d.wp.receiveEmbedMessage=function(e){var t=e.data;if((t||t.secret||t.message||t.value)&&!\/[^a-zA-Z0-9]\/.test(t.secret)){for(var s,r,n,a=l.querySelectorAll('iframe[data-secret=\"'+t.secret+'\"]'),o=l.querySelectorAll('blockquote[data-secret=\"'+t.secret+'\"]'),c=new RegExp(\"^https?:$\",\"i\"),i=0;i<o.length;i++)o[i].style.display=\"none\";for(i=0;i<a.length;i++)s=a[i],e.source===s.contentWindow&&(s.removeAttribute(\"style\"),\"height\"===t.message?(1e3<(r=parseInt(t.value,10))?r=1e3:~~r<200&&(r=200),s.height=r):\"link\"===t.message&&(r=new URL(s.getAttribute(\"src\")),n=new URL(t.value),c.test(n.protocol))&&n.host===r.host&&l.activeElement===s&&(d.top.location.href=t.value))}},d.addEventListener(\"message\",d.wp.receiveEmbedMessage,!1),l.addEventListener(\"DOMContentLoaded\",function(){for(var e,t,s=l.querySelectorAll(\"iframe.wp-embedded-content\"),r=0;r<s.length;r++)(t=(e=s[r]).getAttribute(\"data-secret\"))||(t=Math.random().toString(36).substring(2,12),e.src+=\"#?secret=\"+t,e.setAttribute(\"data-secret\",t)),e.contentWindow.postMessage({message:\"ready\",secret:t},\"*\")},!1)))}(window,document);\n\/\/# sourceURL=https:\/\/teoriveeylem.net\/wp-includes\/js\/wp-embed.min.js\n\/* ]]> *\/\n<\/script>\n","thumbnail_url":"https:\/\/teoriveeylem.net\/wp-content\/uploads\/2023\/08\/03_Sinan-Birdal.jpg","thumbnail_width":252,"thumbnail_height":200,"description":"| Sinan Birdal \u00a0 \u201cKat\u0131 olan her \u015fey buharla\u015f\u0131yor.\u201d Karl Marx ve Friedrich Engels, Kom\u00fcnist Manifesto (1848) \u00a0 \u201cNesneler par\u00e7alan\u0131r, merkez tutamaz\u201d William Butler Yeats, \u0130kinci Geli\u015f (1919) \u00a0 2023 se\u00e7imlerinin ard\u0131ndan en \u00e7ok konu\u015fulacak ba\u015fl\u0131klar k\u00fclt\u00fcr kavgas\u0131, kimlik siyaseti ve kutupla\u015fma olacak. A\u011f\u0131rla\u015fan ge\u00e7im ko\u015fullar\u0131na, yoksulla\u015fmaya ve kamu hizmetlerindeki i\u015flevsizliklere ra\u011fmen, Erdo\u011fan\u2019\u0131n taban\u0131n\u0131 bir arada tutabilmesi, s\u0131n\u0131f \u00e7eli\u015fkilerinin siyaseti [&hellip;]"}

2023 seçimleri ve siyaset biliminin krizi - Teori ve Eylem

<blockquote class="wp-embedded-content" data-secret="XTf1glNU1Q"><a href="https://teoriveeylem.net/tr/2023/08/14/2023-secimleri-ve-siyaset-biliminin-krizi/">2023 seçimleri ve siyaset biliminin krizi</a></blockquote><iframe sandbox="allow-scripts" security="restricted" src="https://teoriveeylem.net/tr/2023/08/14/2023-secimleri-ve-siyaset-biliminin-krizi/embed/#?secret=XTf1glNU1Q" width="600" height="338" title="&#8220;2023 seçimleri ve siyaset biliminin krizi&#8221; &#8212; Teori ve Eylem" data-secret="XTf1glNU1Q" frameborder="0" marginwidth="0" marginheight="0" scrolling="no" class="wp-embedded-content"></iframe><script type="text/javascript">
/* <![CDATA[ */
/*! This file is auto-generated */
!function(d,l){"use strict";l.querySelector&&d.addEventListener&&"undefined"!=typeof URL&&(d.wp=d.wp||{},d.wp.receiveEmbedMessage||(d.wp.receiveEmbedMessage=function(e){var t=e.data;if((t||t.secret||t.message||t.value)&&!/[^a-zA-Z0-9]/.test(t.secret)){for(var s,r,n,a=l.querySelectorAll('iframe[data-secret="'+t.secret+'"]'),o=l.querySelectorAll('blockquote[data-secret="'+t.secret+'"]'),c=new RegExp("^https?:$","i"),i=0;i<o.length;i++)o[i].style.display="none";for(i=0;i<a.length;i++)s=a[i],e.source===s.contentWindow&&(s.removeAttribute("style"),"height"===t.message?(1e3<(r=parseInt(t.value,10))?r=1e3:~~r<200&&(r=200),s.height=r):"link"===t.message&&(r=new URL(s.getAttribute("src")),n=new URL(t.value),c.test(n.protocol))&&n.host===r.host&&l.activeElement===s&&(d.top.location.href=t.value))}},d.addEventListener("message",d.wp.receiveEmbedMessage,!1),l.addEventListener("DOMContentLoaded",function(){for(var e,t,s=l.querySelectorAll("iframe.wp-embedded-content"),r=0;r<s.length;r++)(t=(e=s[r]).getAttribute("data-secret"))||(t=Math.random().toString(36).substring(2,12),e.src+="#?secret="+t,e.setAttribute("data-secret",t)),e.contentWindow.postMessage({message:"ready",secret:t},"*")},!1)))}(window,document);
//# sourceURL=https://teoriveeylem.net/wp-includes/js/wp-embed.min.js
/* ]]> */
</script>

| Sinan Birdal   “Katı olan her şey buharlaşıyor.” Karl Marx ve Friedrich Engels, Komünist Manifesto (1848)   “Nesneler parçalanır, merkez tutamaz” William Butler Yeats, İkinci Geliş (1919)   2023 seçimlerinin ardından en çok konuşulacak başlıklar kültür kavgası, kimlik siyaseti ve kutuplaşma olacak. Ağırlaşan geçim koşullarına, yoksullaşmaya ve kamu hizmetlerindeki işlevsizliklere rağmen, Erdoğan’ın tabanını bir arada tutabilmesi, sınıf çelişkilerinin siyaseti [&hellip;]
